et h = o - -50. List the prime factors of (-32)/(-18) - (-6)/h.
2
List the prime factors of 11 + -10 + (-61)/(-1).
2, 31
Let z(p) = 9*p - p**2 - 5 + 0 - 4. Let o be z(8). Let x(h) = -3*h**3 - 2*h - 1. What are the prime factors of x(o)?
2
Let a = -12 - -86. Suppose -3*m - a = -3*d + 2*m, -3*m + 24 = 2*d. Suppose -7 = -5*v - 3*t + 15, 0 = -5*v - 2*t + d. What are the prime factors of v?
2
Let j(g) = 9*g**2 + 2*g - 1. Let x be j(1). Suppose -4*f + 2*p + x = 0, 3 = f - 0*p - p. List the prime factors of (f/4 + 0)*14.
7
Suppose 13 - 44 = -s. List the prime factors of s.
31
Let w(m) be the third derivative of 1/24*m**4 + 0 + 0*m - 2/3*m**3 + 2*m**2 + 1/60*m**5. List the prime factors of w(3).
2
Let v = -4 + 31. Suppose s - 6 = 4*b - 51, -v = -2*b + 5*s. What are the prime factors of b?
11
Let r(n) = n**3 + 6*n**2 + 8*n + 6. Let z be r(-5). Let s be (4/3)/((-6)/z). Suppose 5*v = -3*f, -1 = 2*f + 3*v - s. List the prime factors of f.
5
Let w = 131 + -93. Suppose w = 3*c - 7. What are the prime factors of c?
3, 5
Let x = 24 + 17. Let c = 60 - x. What are the prime factors of c?
19
Let r = -4 + 4. Let x be 7 + (2 - r)*-1. Suppose 0 = -x*f + 2*o + 51, -4*f = -5*o - 34. List the prime factors of f.
11
Let d(b) = -b + 4. What are the prime factors of d(-6)?
2, 5
Let w(h) be the second derivative of -h**5/20 - h**3/3 - 3*h**2/2 + 3*h. What are the prime factors of w(-2)?
3
Let y(x) = 2*x - 6*x**3 - 1 + 0*x**3 - 10*x**2 + 7*x**3 - 2. List the prime factors of y(10).
17
Let l = 14 - 23. Let x = -6 - l. Suppose -2*f + 0*f = x*r - 22, -f - 2*r + 13 = 0. What are the prime factors of f?
5
Let a be (12/10)/((-9)/150). Let v be a/5*(-2)/2. Suppose o = -4*f + 67, 86 = 5*f - 2*o + v*o. List the prime factors of f.
2
What are the prime factors of ((-12)/(-15))/((-8)/(-460))?
2, 23
Let y = 27 + 16. List the prime factors of y.
43
Suppose -2*a + 6*a - 476 = 0. List the prime factors of a.
7, 17
List the prime factors of ((-8)/1)/(12/(-18)).
2, 3
Let c = -19 - -28. Let j = 6 - c. What are the prime factors of j/(-18)*-2*-27?
3
Let b = -21 - -23. Suppose 5*v + 0*y - 87 = -b*y, -2*v - 5*y + 39 = 0. What are the prime factors of v?
17
Let q(v) = 5*v + 8. Let c(g) = 3*g - g + 1 - g. Let i(u) = -6*c(u) + q(u). What are the prime factors of i(0)?
2
Suppose -2*f + 3*u + 23 = 0, -f + 2*u = -3*u + 6. Let w = f - 10. List the prime factors of w.
3
Suppose -g + 7 = -13. List the prime factors of g.
2, 5
Suppose 62 = -4*d + 558. List the prime factors of d.
2, 31
Suppose 3*k - 2*k = -2*x + 88, -5*x + 3*k = -198. What are the prime factors of x?
2, 3, 7
Let y = 45 + -6. Suppose -2*r - f + 27 = 0, -3*r = -0*r + f - y. List the prime factors of r.
2, 3
Let d = 0 + 3. Suppose 0 = -5*q + 5*k + 35, 3*q - d*k - 2*k - 25 = 0. List the prime factors of q.
5
Suppose -4*u = -5*r + 5 + 22, 5*r - 2*u = 21. Let o = 2 - r. Let k = 5 + o. List the prime factors of k.
2
Suppose -5*j - 3*g = -10, 0 = -3*j + 4*g + 9 - 3. Suppose -5*u + 24 = -j*u. List the prime factors of u.
2
Let r = 1 - 1. Suppose -4*u - 2*f - 10 = -0*f, r = 4*u - 4*f - 8. Let s(i) = 9*i**2 - 2*i - 1. List the prime factors of s(u).
2, 5
Let q = 39 - 20. Let y = 44 - q. What are the prime factors of y?
5
Let h(c) = -c**3 - c**2 + 1. Let m be h(-2). Suppose -2*g + 5*g = m*d - 64, 9 = -3*g. What are the prime factors of d?
11
Let l = -81 - -114. List the prime factors of l.
3, 11
Suppose -5*f + 3*n = -37, 0 = -0*f - 4*f - n + 33. Suppose -11*j + 30 = -f*j. What are the prime factors of j?
2, 5
Let y(p) = p**3 - 6*p**2 + 2*p - 7. Let o be y(6). Let w(j) = -o - 2*j + 5. List the prime factors of w(-3).
2, 3
Suppose -2*t = -4*t + 12. Suppose -2*x = 2*i, 5*x - 2*x = t. What are the prime factors of 12 + (0 - (1 + i))?
13
Let g(x) = -22*x + 5. Let n be g(-4). Suppose -n = -3*i - 0. What are the prime factors of i?
31
Let v(c) be the third derivative of c**6/120 + c**5/10 + c**4/12 - c**3/6 + 3*c**2. List the prime factors of v(-5).
2, 7
Suppose -q + 0*q = -83. Suppose -z - 4*h = -13, -q = -4*z - 3*h + 21. List the prime factors of z.
29
Let h(c) = -c**3 + 8*c**2 - 5*c - 2. Let u be h(7). List the prime factors of 2 + -1 + -1 + u.
2, 3
Let w(x) = x**3 + x**2 + x + 4. Let h be w(0). Suppose -h*v = 3*k - 47, 2*k - k + v = 16. Let a = k - 5. List the prime factors of a.
2, 3
Let a be (-7)/35 + 102/10. Let u be 375/a + (-3)/(-2). Suppose -u = -3*j - 3*f, -5*f + 34 = 3*j - 9. What are the prime factors of j?
11
Let x(d) = 3*d**2 - 9*d - 1. Let w be x(4). Suppose -g = 4*a - 28, 4*a = -3*g + 65 + w. List the prime factors of g.
2, 3
Suppose 2*l - 2*b = -0*l + 78, 119 = 3*l - 2*b. What are the prime factors of l?
41
Suppose 0 = x - 2*x + 29. What are the prime factors of x?
29
Let p = 12 + 6. List the prime factors of p.
2, 3
Let d(o) = o + 2. Let w(h) = -3*h - 5. Let t(b) = 7*d(b) + 2*w(b). What are the prime factors of t(6)?
2, 5
Let c = -183 - -353. What are the prime factors of c?
2, 5, 17
Suppose 0 = -r - 4*r. Let l(w) = -w + 33. What are the prime factors of l(r)?
3, 11
What are the prime factors of 8046/72 + ((-2)/(-8))/1?
2, 7
Suppose 2*z - 3 = -z. Suppose 0 = -2*o + 2*b + 14, o + 4*b - b + 13 = 0. List the prime factors of -13*(z + -2) + o.
3, 5
Let a(t) = 12*t**2 + t + 1. Let x(q) = -25*q**2 - q - 2. Let c(p) = -5*a(p) - 3*x(p). List the prime factors of c(1).
2, 7
Let x = 4 - 1. Suppose -x*j = 2*p + 10, 5*j - 2*p + 4*p + 10 = 0. Suppose j = 3*m - 3*d - 24, -2*m + 0*m + 17 = -d. What are the prime factors of m?
3
Suppose 4*q + 3*m = -1, 2*q + 0*m - 19 = 5*m. Suppose 1 = q*l - 6*a + 3*a, 5*a - 15 = 0. What are the prime factors of l?
5
Let g = 228 - 88. List the prime factors of g.
2, 5, 7
Suppose -455 = 46*s - 51*s. List the prime factors of s.
7, 13
Let a(f) = -f**2 - 6*f - 6. Let y = 2 + -2. Let m = -4 - y. List the prime factors of a(m).
2
Let a be 3/(-9)*(8 + -2). Let p = 5 + a. What are the prime factors of 2/p - 7/(-3)?
3
List the prime factors of -3 + 3/1 - -214.
2, 107
Suppose 12 = 4*m, b - m = 3*m - 18. Let v = -5 - b. What are the prime factors of (-32)/12*v*-3?
2
Let m(r) = 20*r**3 - r**2 + 1. What are the prime factors of m(1)?
2, 5
Suppose 2*m + 32 = -5*x, 2*m + 2*x + 38 = -3*m. What are the prime factors of 2/(m/(-93)) + 3?
2, 17
Let i = -13 - -43. List the prime factors of i.
2, 3, 5
Let r(b) = b**2 - 11. Let o be r(0). Let p = o - -15. What are the prime factors of p?
2
Let j(k) = 3*k - 6. Let s be j(6). Let u = s + -6. What are the prime factors of (0 - (-1)/3)*u?
2
Let w = 1 - -4. Suppose -2*c - 10 = 0, 2*d - 36 = -w*c + 45. What are the prime factors of d?
53
Let j = -65 - -94. List the prime factors of j.
29
Let d = 14 - -61. What are the prime factors of (0 - d/6)*-2?
5
Let w = 3 - 1. Let z be (1 + (-2)/w)/(-1). Let b = 10 - z. List the prime factors of b.
2, 5
Let b(g) = -g**3 + 12*g**2 - 7*g + 2. List the prime factors of b(11).
2, 23
Suppose 3*s + 30 = 4*x, -3 = -3*s + 3. Suppose 2*g + x = 6*g - 5*r, 3*g = -r + 21. List the prime factors of g.
2, 3
Suppose 3 = -4*o + 11. Suppose 4*w - 18 = o. Suppose 0 = w*l - 37 - 8. List the prime factors of l.
3
Let a(k) be the first derivative of k**2/2 + 18*k + 1. Let w(n) = n - 4. Let r be w(-5). What are the prime factors of a(r)?
3
Let y(p) = -3*p**3 + p**2 + 3*p + 2. What are the prime factors of y(-3)?
83
Suppose -2*w = -5*f + 1, -2*f + 3*w + 0*w + 7 = 0. List the prime factors of f/4 + (-258)/(-8).
2
List the prime factors of -3 - (1 - 2) - (-624)/3.
2, 103
Let m(g) = -g**3 - 6*g**2 + 4*g - 9. Let c be m(-5). Let k = 90 + c. List the prime factors of k.
2, 3
Suppose -21 = -2*p - 5. Let d = -3 + p. What are the prime factors of d?
5
Let u(k) = -k**3 - 5*k**2 + 1. Let j be u(-5). Let b be 72/((-15)/9 + j). List the prime factors of 2/8 - b/16.
7
Let d be 1/((-4)/(1*-16)). What are the prime factors of 54/d + 15/(-10)?
2, 3
Let y be 6/(-9) - (-56)/(-6). Let w = y - -17. Let p(k) = -k**3 + 7*k**2 + 3*k - 9. List the prime factors of p(w).
2, 3
Suppose 2*g = -n + 110, -2*g - n - n + 114 = 0. Suppose 3*l = 8*o - 3*o + g, -l + 12 = 4*o. List the prime factors of l.
2
Suppose -5 = 4*a - 13. Suppose -30 = -4*x - 2*b, 0 = -a*x - 2*x + 4*b + 48. Suppose -x - 5 = -2*o. List the prime factors of o.
7
Let v be (9/15)/(1/5). Suppose -3*u = -12 + v. What are the prime factors of 